2)?
-3
Let y(v) = 2*v**2 - 84*v + 310. What is y(38)?
6
Let j(i) = 3*i - 20. Calculate j(5).
-5
Let l(c) = 2*c**2 + 20*c + 23. What is l(-8)?
-9
Let b(x) = -8*x - 103. Determine b(-13).
1
Let i(p) = 23*p - 5. Determine i(1).
18
Let c(p) = -2*p**2 + 160*p - 463. Determine c(77).
-1
Let b(o) = -o**3 - 4*o**2 - 5. Determine b(-5).
20
Let y(i) = 10*i + 539. What is y(-54)?
-1
Let r(y) = -y**3 + 15*y**2 - 16*y + 22. Determine r(14).
-6
Let b(d) = d**3 + 9*d**2 - 21*d + 15. Give b(-11).
4
Let g(n) = n**2 + 3*n + 4. What is g(-1)?
2
Let g(m) = -2*m - 12. What is g(-9)?
6
Let z(m) = -m**2 - 27*m + 361. Give z(-37).
-9
Let v(d) = -2*d**3 - 34*d**2 + 119*d - 22. Give v(-20).
-2
Let x(d) = -2*d**3 + 4*d**2 + 4*d + 5. What is x(4)?
-43
Let z(s) = -s**2 + 11*s - 13. Determine z(12).
-25
Let b(h) = 2*h**3 + 6*h**2 - h + 9. Calculate b(-3).
12
Let v(f) = -7*f - 5. Calculate v(-2).
9
Let v(l) = 2*l + 6. Give v(3).
12
Let n(c) = 20*c**3 + 3*c**2 + c - 1. Give n(-1).
-19
Let r(y) = y**2 - 5*y - 28. Determine r(5).
-28
Let q(w) = 3*w**3 + 15*w**2 - w - 8. What is q(-6)?
-110
Let m(o) = -3*o**3 + o**2 - 2*o - 1. What is m(-1)?
5
Let z(v) = 68*v - 3. Calculate z(1).
65
Let q(b) = 110*b - 3. Calculate q(-2).
-223
Let j(d) = 6*d**3 - 2*d**2 - 4*d + 5. Determine j(2).
37
Let o(f) = -f - 2. Calculate o(-3).
1
Let u(o) = 2*o - 21. Give u(9).
-3
Let w(k) = -k**3 - 6*k**2 + 2*k - 1. What is w(0)?
-1
Let a(y) = -y**3 - 14*y**2 - 11*y - 7. Determine a(-14).
147
Let m(s) = -s**3 + 8*s**2 - 9*s + 17. What is m(7)?
3
Let q(d) = 12*d - 2. What is q(9)?
106
Let z(v) = 2*v**3 - 4*v**2 + 8*v - 9. Give z(2).
7
Let u(z) = 5*z - 10. Determine u(4).
10
Let f(t) = t**3 - t**2 + 2*t + 13. Give f(0).
13
Let m(u) = 2*u - 13. Calculate m(10).
7
Let x(q) = 24*q - 8. Calculate x(1).
16
Let g(c) = -c + 30. What is g(17)?
13
Let g(z) = 2*z**2 - 21*z - 135. Determine g(15).
0
Let l(m) = -m**2 - m + 10. What is l(0)?
10
Let d(a) = -a**2 + 24*a - 10. Calculate d(10).
130
Let m(j) = -j**2 - 21*j + 309. Calculate m(-31).
-1
Let h(s) = -2*s**3 - 6*s**2 - s - 7. What is h(-3)?
-4
Let n(z) = -3*z**2 + 26*z + 5. Give n(7).
40
Let j(h) = -h**3 - 4*h**2 + 11*h - 2. Give j(-6).
4
Let d(q) = -8*q + 266. Calculate d(34).
-6
Let r(q) = -3*q**2 + 37*q + 18. Calculate r(13).
-8
Let t(p) = 48*p**3 + p**2 + 2*p - 3. Determine t(1).
48
Let n(q) = q**3 + 7*q**2 + q + 7. Determine n(-5).
52
Let i(w) = -w**2 + w + 21. Determine i(0).
21
Let l(f) = -f**2 + 22*f - 107. Determine l(8).
5
Let r(l) = -l**3 + 6*l**2 - 4*l - 3. What is r(6)?
-27
Let d(a) = -a**3 - 3*a**2 - 13. What is d(-3)?
-13
Let k(x) = -x**3 - 18*x**2 - 14*x + 11. What is k(-17)?
-40
Let h(g) = g**3 + 8*g**2 + 5*g + 8. What is h(-7)?
22
Let o(d) = d**2 + 1. Give o(-7).
50
Let j(a) = 7*a**3 + 2*a**2 - 2*a - 3. Give j(-1).
-6
Let r(f) = -f**3 + 5*f**2 - 6*f - 10. Determine r(6).
-82
Let o(m) = m**2 - 3*m - 6. Determine o(-3).
12
Let i(b) = b + 4. Give i(-4).
0
Let z(l) = l**2 - 2*l + 3. What is z(4)?
11
Let p(u) = -46*u**3 + u + 1. Give p(-1).
46
Let u(h) = -2*h + 8. Determine u(5).
-2
Let k(u) = 2*u**3 + 18*u**2 + 19*u + 20. Determine k(-8).
-4
Let n(i) = -17*i + 669. Determine n(39).
6
Let q(d) = d + 14. Determine q(-8).
6
Let f(q) = 3*q**2 - 10*q + 15. Determine f(8).
127
Let j(f) = f**3 - 5*f**2 + 4*f - 5. What is j(3)?
-11
Let n(o) = -3*o + 2. What is n(2)?
-4
Let x(n) = 4*n**2 - 5*n + 5. Give x(2).
11
Let q(w) = -4*w - 8. Determine q(-3).
4
Let s(g) = 2*g**2 + 40*g + 26. Determine s(-20).
26
Let x(n) = -2*n + 39. Give x(21).
-3
Let y(w) = -w - 9. What is y(0)?
-9
Let t(h) = -4*h**3 - 2*h. Determine t(2).
-36
Let j(i) = -i**2 + i + 2. Determine j(3).
-4
Let k(q) = q**2 - 3. Give k(-3).
6
Let u(h) = 11*h + 165. Give u(-15).
0
Let b(z) = -2*z - 20. Give b(-15).
10
Let h(x) = -x**2 + 3*x + 2. Give h(-4).
-26
Let c(v) = -2*v**3 - 33*v**2 + 18*v + 11. What is c(-17)?
-6
Let t(q) = q**2 - 32*q + 90. Calculate t(29).
3
Let k(a) = a - 4. Calculate k(8).
4
Let h(g) = g**3 + 3*g**2 + 5*g + 3. What is h(-3)?
-12
Let l(d) = 5*d - 129. What is l(27)?
6
Let k(l) = 13*l**2 - 2. Determine k(2).
50
Let i(f) = -f**2 - 3*f + 5. Give i(-5).
-5
Let d(v) = -v**2 + 6*v - 5. What is d(7)?
-12
Let a(q) = -q**3 + 7*q**2 - 10*q + 8. What is a(4)?
16
Let l(w) = 22*w + 42. Give l(-3).
-24
Let i(w) = w**2 + 11*w + 23. Determine i(-7).
-5
Let p(c) = c**3 + 7*c**2 - 7*c + 27. Give p(-8).
19
Let i(l) = l**3 - 32*l**2 + 58*l + 53. Give i(30).
-7
Let m(h) = -2*h + 11. Calculate m(6).
-1
Let f(x) = -3*x**2 + 19*x + 7. Give f(7).
-7
Let n(w) = 20*w - 56. Determine n(8).
104
Let w(q) = -4*q + 47. Determine w(13).
-5
Let x(m) = m**3 - 6*m**2 - 9*m - 1. Determine x(8).
55
Let l(a) = -a**3 - 10*a**2 - 9*a - 13. Calculate l(-9).
-13
Let i(o) = -7*o + 37. Give i(5).
2
Let o(i) = -i**2 + 9*i - 2. Calculate o(8).
6
Let o(f) = 13*f + 74. What is o(-6)?
-4
Let y(n) = n**2 - 10*n - 12. Calculate y(7).
-33
Let t(y) = y**2 - 25*y + 50. Calculate t(20).
-50
Let s(o) = -o**3 + 7*o**2 + 7*o + 12. Give s(8).
4
Let n(l) = -l**3 - 20*l**2 + 70*l. Calculate n(-23).
-23
Let n(p) = -p**3 - 4*p**2 + 7*p - 1. Calculate n(-7).
97
Let g(r) = r**2 + 6*r + 11. Give g(-5).
6
Let f(o) = 2*o + 32. Calculate f(-13).
6
Let z(o) = o**3 - 9*o**2 - 2*o + 7. Give z(9).
-11
Let n(y) = -7*y**2 + y. Calculate n(2).
-26
Let u(r) = -r**2 - 9*r - 7. Give u(-8).
1
Let b(u) = -u**2 + 15*u - 47. Calculate b(6).
7
Let f(n) = -2*n**2 - n + 5. Determine f(-5).
-40
Let p(d) = d**3 - 9*d**2 + 9*d - 12. Give p(8).
-4
Let f(z) = 50*z**3 + z**2 - z - 1. Calculate f(-1).
-49
Let j(b) = b**2 - 2*b - 8. Determine j(4).
0
Let d(m) = -m**2 + 4*m - 138. Give d(0).
-138
Let s(q) = 3*q - 14. Calculate s(-5).
-29
Let t(j) = 90*j**2 + 2. Calculate t(1).
92
Let n(v) = -v**3 + 7*v**2 - 6*v + 3. Determine n(6).
3
Let m(w) = -12*w**3 - 2*w**2 + w. What is m(-1)?
9
Let t(c) = 33*c**2 - c. Calculate t(-1).
34
Let s(r) = r**3 - 4*r**2 - 8*r - 7. Calculate s(5).
-22
Let d(s) = s**3 - 33*s**2 + 1. Give d(33).
1
Let d(v) = -6*v - 30. Calculate d(-6).
6
Let y(b) = -2*b**2 - 5*b - 19. What is y(0)?
-19
Let s(w) = w**2 + 19*w + 10. What is s(-19)?
10
Let g(a) = -a**2 + 13*a + 54. What is g(16)?
6
Let x(o) = o**2 + 19*o - 170. Calculate x(7).
12
Let z(w) = -w**2 - w. Calculate z(-1).
0
Let b(y) = 8*y**3 + 4*y**2 + 2*y + 1. Determine b(-1).
-5
Let q(j) = -23*j + 2. Calculate q(2).
-44
Let k(r) = -3*r + 21. Determine k(11).
-12
Let d(k) = -7*k**2 + k - 4. Calculate d(1).
-10
Let m(w) = w**3 - 10*w**2 - 13*w + 25. What is m(11)?
3
Let a(v) = -32*v**2 - 3*v - 2. Give a(-1).
-31
Let j(d) = -d**2 - 30*d + 81. Calculate j(-32).
17
Let s(h) = 44*h + 60. What is s(-1)?
16
Let y(r) = -4*r**3 - 15*r**2 + 2*r - 2. Calculate y(-4).
6
Let k(x) = -4*x**2 - 12*x + 2. Calculate k(-5).
-38
Let m(d) = -3*d + 128. Determine m(35).
23
Let j(g) = -g**2 - 23*g - 26. Give j(-22).
-4
Let j(n) = n**3 + 6*n**2 + 11*n + 1. Calculate j(-3).
-5
Let w(y) = 2*y**2 - 11*y - 84. Give w(10).
6
Let m(p) = -p**3 - 37*p**2 + 6*p + 260. What is m(-37)?
38
Let o(z) = -4*z + 1. What is o(1)?
-3
Let p(r) = -r**2 + 4*r. Give p(4).
0
Let z(k) = k**3 - 6*k**2 + 11*k - 10. What is z(7)?
116
Let i(a) = -6*a + 120. Determine i(27).
-42
Let y(f) = f**2 - 18*f - 40. What is y(22)?
48
Let k(n) = -114*n + 235. Calculate k(2).
7
Let q(c) = c**3 + 13*c**2 + 13*c + 10. Calculate q(-12).
-2
Let t(k) = 6*k + 10. Determine t(-8).
-38
Let i(v) = -v**2 + 35*v + 241. Give i(-6).
-5
Let f(u) = u**3 + 5*u**2 - 3*u - 7. Determine f(-5).
8
Let s(g) = 5*g + 1. Calculate s(2).
11
Let p(t) = t**3 + t**2 + t + 3. What is p(-3)?
-18
Let a(x) = 23*x + 6. Calculate a(-4).
-86
Let l(o) = o**3 - 7*o**2 - 11*o + 12. Give l(8).
-12
Let x(n) = n**3 + 20*n**2 - 68*n + 36. Calculate x(-23).
13
Let t(j) = j**3 + 12*j**2 + j + 13. What is t(-12)?
1
Let q(i) = 4*i**2 + 10*i - 38. Determine q(3).
28
Let d(r) = r - 16. Determine d(-6).
-22
Let f(c) = c**2 + 31*c + 70. What is f(-29)?
12
Let f(a) = a**2 - 11*a + 1. Give f(11).
1
Let g(j) = 2*j - 35. What is g(-4)?
-43
Let a(w) = -2*w**2 + 5*w - 1. Calculate a(-5).
-76
Let m(l) = -4*l - 18. Give m(-6).
6
Let t(l) = -7*l**3 - 2*l**2 + 4*l - 5. What is t(2)?
-61
Let k(s) = s**3 - 5*s**2 + 9*s - 18. Determine k(4).
2
Let c(p) = -p**3 + 19*p**2 - 31*p - 40. What is c(17)?
11
Let y(r) = -r**2 + 